 divisor of s and 48?
24
Let d(t) = -t**3 + 9*t**2 - t + 6. Let w be d(9). Let j(c) = -2*c - 2. Let f be j(w). What is the greatest common factor of f and 4?
4
Let t(s) = -s**2 - 4*s + 6. Let q be t(-5). Calculate the highest common factor of q and 12.
1
Let i = -14 - -22. Let h(b) = 3*b - 1. Let c be h(3). What is the highest common divisor of c and i?
8
Let x = 2 + -1. Let u = 11 - 5. Let h = u - 5. Calculate the highest common factor of h and x.
1
Let w = 4 - 2. Suppose w*m - 28 = -2*m. Let k be 84/8*40/15. Calculate the highest common divisor of k and m.
7
Let c be 4*(6/(-4))/(-3). Suppose -3*m = c*m - 20. Suppose m*o + 16 = 64. What is the highest common factor of 60 and o?
12
Let c = 2 - -4. Let w(l) = -l + 8. Let r be w(c). Suppose -r*t - 3*t = -315. Calculate the greatest common factor of t and 7.
7
Suppose 28 = -3*o + 115. Calculate the greatest common factor of o and 261.
29
Let z(i) = -i**2 + 14*i - 34. Let s be z(6). What is the highest common divisor of s and 238?
14
Let m = 3 - 3. Suppose m = -5*p - 0*p + 70. What is the greatest common divisor of 35 and p?
7
Suppose 4*i + b = 96, i - 96 = -3*i + 2*b. Calculate the highest common divisor of 60 and i.
12
Suppose 4*a + 2*c - 13 - 7 = 0, 0 = 3*a + 4*c - 15. Suppose i = a*i - 952. Let h be i/18 + (-10)/45. Calculate the highest common factor of h and 91.
13
Let h(d) = d**2 - 6*d - 7. Let o(y) = 15*y - 1. Let n be o(1). Let g = n - 20. Let f be h(g). What is the highest common divisor of f and 26?
13
Let c be (48/(-54))/4 - (-1118)/9. Calculate the greatest common factor of c and 31.
31
Suppose -4*f = t - 26, -3*t + 2*f = t - 32. Calculate the greatest common divisor of t and 25.
5
Let p = 1 - 2. Let u(g) = 191*g + 14. Let h be u(-4). Let k be h/(-42) + p/(-7). Calculate the greatest common factor of 45 and k.
9
Suppose -30 = -4*y - 2*a, -5 = -2*y + a - 0*a. What is the greatest common factor of 10 and y?
5
Let q(a) = 3*a**2 + 2*a - 2. Let v be q(-2). Suppose 2*b = 3*j + 23 - v, -5*b - 3*j = -53. What is the highest common factor of 50 and b?
10
Let r = 10 - 6. Let k be 2/(-3) - (-282)/18. Suppose -2*m + 5 = -k. Calculate the greatest common divisor of m and r.
2
Suppose -45 = m - 6*m. Suppose 5*s - 15 = 0, 3*s + 549 = 5*y + 178. Let n be (-4)/(-26) + y/13. Calculate the highest common factor of n and m.
3
Let p = 117 - 113. What is the greatest common factor of 64 and p?
4
Let h(p) = p**3 - 6*p**2 - 8*p - 10. Let i be h(9). What is the greatest common factor of 7 and i?
7
Let t be 1*(2 + -7 + -2). Let v be 2/(-7) + (-128)/t. What is the greatest common divisor of 9 and v?
9
Let b = 0 - -9. Let p = -6 + b. Suppose -2*o + 138 = p*c - 0*c, 4*c - o = 195. What is the highest common divisor of 12 and c?
12
Suppose 0 = 3*y - 0*y + 12. Let m be (20/(-6))/(y/24). Calculate the greatest common factor of m and 10.
10
Let x = 2 - -38. Suppose 4*c - 232 = x. Suppose -3*k + 172 = 5*a, 4*a + 3*k - c = 69. Calculate the highest common factor of 7 and a.
7
Let d(m) = -m + 6. Let b be d(-4). Calculate the highest common factor of b and 4.
2
Let o(g) be the second derivative of 2*g**3 + 2*g**3 + g**2 - 2*g - 2*g**2 - 3*g**3. Let w be o(2). What is the greatest common divisor of 30 and w?
10
Suppose -4*i + 10 = -6. What is the highest common factor of 8 and i?
4
Suppose p = -4*x + 10, -x + 4*p + 2 = -3*x. Suppose -f - x = -17. What is the highest common factor of 126 and f?
14
Let h = 28 - 12. Let c = h + -12. Calculate the greatest common divisor of 4 and c.
4
Let g(c) = -c**3 - 6*c**2 - 6*c - 1. Let u be g(-5). Let m(s) = 4*s - 6. Let x be m(u). What is the greatest common factor of x and 5?
5
Suppose 19 = 4*a - 1. Suppose -a*k + 4*t = -14, 2*t + 3*t + 1 = -2*k. What is the highest common factor of k and 22?
2
Suppose 2*p - 384 = -6*p. Calculate the greatest common divisor of p and 16.
16
Let d(q) = -4*q. Let y be d(-1). Let s = 0 - y. Let f be ((-34)/(-1))/(s/(-2)). Calculate the greatest common factor of f and 85.
17
Let x be (-15)/(-25) - (-3)/(-5). Suppose -2*y + 240 = 2*z, x*z + 471 = 4*y + z. What is the highest common divisor of 13 and y?
13
Let m(n) be the second derivative of n**3/6 + 3*n**2 + 2*n. Let x be m(6). What is the highest common factor of x and 6?
6
Let r(u) = u + 15. Let w be r(-11). Calculate the highest common divisor of w and 2.
2
Let o(l) = 7*l - 3. Let p = 7 + -4. Let i be o(p). Calculate the greatest common factor of i and 6.
6
Suppose 0*q - 64 = -4*q. Let c = q + -8. What is the highest common divisor of 8 and c?
8
Let k be (-2)/(-4) - (0 + (-142)/4). Calculate the greatest common divisor of 6 and k.
6
Suppose 0 = -5*x + 35 + 15. Calculate the greatest common divisor of x and 4.
2
Let w = 80 - 64. Calculate the greatest common divisor of w and 8.
8
Let o = 5 - -1. Suppose o*q - 21 = 3*q. Suppose -q = -4*i + 9. What is the highest common factor of i and 44?
4
Let n = -27 + 51. Calculate the highest common factor of n and 60.
12
Let n = 28 + 27. Suppose 5*x - 30 = v, -5*x + 2*v + n = 6*v. What is the highest common factor of 35 and x?
7
Suppose j + 0*j - 17 = 0. Suppose 0 = -b - b - 5*w + j, w = 3. Let t be 6/(b*(-3)/(-54)). What is the greatest common divisor of t and 12?
12
Suppose 2*v + 5*n - 6 = 19, 5*n = -3*v + 45. Suppose 5*w - 45 = v. Let q be (-44)/(-2)*13/2. Calculate the highest common divisor of q and w.
13
Suppose -43 + 214 = 9*w. Calculate the greatest common factor of w and 95.
19
Suppose 2*o = -0*b + b + 8, -5*o + 2*b = -19. Let a be 2 - -1 - (-13 + o). Calculate the greatest common divisor of a and 104.
13
Let k = -33 + 51. Calculate the highest common divisor of k and 30.
6
Suppose 2*g = 5*c - 150, -4*g - 9 = 11. What is the highest common divisor of c and 4?
4
Let n(j) = -11*j - 6. Let g be n(-6). Suppose 0 = -2*h + g + 36. What is the greatest common factor of h and 12?
12
Let x(q) = 90*q + 9. Let y(z) = -18*z - 2. Let u(s) = -2*x(s) - 11*y(s). Let h be u(6). Let f = 13 - -3. Calculate the highest common divisor of h and f.
16
Let v be -3 + 1 - (-1 + -22). Let n(c) = -c**3 - 4*c**2 - 7*c - 7. Let k be n(-7). Calculate the greatest common divisor of v and k.
21
Let q(j) = -2*j + 2 + 0*j + j. Let g be q(-2). Suppose 3*i - 2*k - 8 = 0, 2*i - 6 = k - 0. What is the greatest common divisor of g and i?
4
Suppose -2*s - 37 = t, s - 196 = 4*t + t. Let c = t + 61. Let w be (-1*10)/((-4)/c). What is the highest common factor of 11 and w?
11
Let i be (-61)/(-2) - (-2)/(-4). Suppose -2*w + i = -0*w. What is the greatest common divisor of w and 105?
15
Suppose 4*u - 115 = 77. What is the highest common divisor of u and 16?
16
Let z = 22 - 9. Let p = 98 - 59. What is the highest common factor of p and z?
13
Suppose 4*b - 82 = -62. What is the highest common factor of b and 40?
5
Suppose -i + 17 = -17. Let d(a) = a**2 - 2*a - 1. Let v be d(2). Let x be (15 + 2)*(-5)/v. What is the greatest common divisor of i and x?
17
Let s(u) = -2*u - 1. Let c be s(-3). Let b = 7 - c. Suppose w - b*w + 45 = 0. Calculate the highest common factor of 18 and w.
9
Suppose 3*k = -k. Suppose 0*i + i - 126 = k. Let z be 3/(-2)*56/(-6). What is the greatest common factor of i and z?
14
Suppose 0 = z - 3 + 1. Calculate the greatest common divisor of 1 and z.
1
Suppose 0 = 3*b + 3*b - 432. What is the greatest common divisor of 8 and b?
8
Suppose 0 = -8*c + 102 + 26. What is the highest common factor of c and 2?
2
Suppose 5*j = 2*u - 437, -u - 2*j + 236 = -j. Calculate the greatest common factor of 21 and u.
21
Suppose 0 = -l + 5*l. Suppose 2*u - i - 223 = -2*i, 585 = 5*u - 3*i. Suppose l = 4*b - u + 18. What is the highest common factor of b and 12?
12
Let g(s) = -s**3 + 6*s**2 + 6*s. Let j be g(6). Let i(x) = 2*x**2 - 2*x + 4. Let o be i(3). Let c = 28 - o. What is the highest common divisor of j and c?
12
Let c(n) = n**2 - 9*n + 11. Let d be c(9). Calculate the highest common factor of 88 and d.
11
Suppose -2*z + 2*l + 4 = 0, -4*z + 3*l - 6*l = -15. Suppose 2*g - 3*g + z = 0. What is the greatest common divisor of 21 and g?
3
Suppose -12 = a - 4*a. Let g be 1 + 2/a*-2. Suppose 4*l - 105 = 5*k + 30, g = -l - 2*k + 37. What is the greatest common divisor of l and 5?
5
Let c(b) = -b**2 + 3*b + 10. Let v be c(5). Suppose 0 = a - 3*g - 86 + 17, -5*a + g + 373 = v. Calculate the greatest commo